{"id":102,"date":"2026-03-25T21:12:20","date_gmt":"2026-03-25T20:12:20","guid":{"rendered":"http:\/\/www.bielanskieps.pl\/?page_id=102"},"modified":"2026-04-12T19:11:14","modified_gmt":"2026-04-12T17:11:14","slug":"kontakt-2","status":"publish","type":"page","link":"https:\/\/www.bielanskieps.pl\/index.php\/kontakt-2\/","title":{"rendered":"KONTAKT"},"content":{"rendered":"\n<p><strong>Biela\u0144skie Przedsi\u0119biorstwo Spo\u0142eczne<\/strong><\/p>\n\n\n\n<p>Biela\u0144skie Przedsi\u0119biorstwo Spo\u0142eczne Non Profit sp. z o.o.<br>ul. Adama Mickiewicza 37\/58, 01-625 Warszawa<\/p>\n\n\n\n<p>KRS 0001057863<br>NIP 5252972260<br>REGON 526372970<\/p>\n\n\n\n<p><strong>Kontakt i wsp\u00f3\u0142praca<\/strong><\/p>\n\n\n\n<p>angelika.olek@fundacjamalwa.pl<\/p>\n\n\n\n<p>tel. 572 196 476<\/p>\n\n\n\n<p>ODBIORY OBIAD\u00d3W I ZAM\u00d3WIE\u0143:<\/p>\n\n\n\n<p>ul Balcerzaka 2, wej\u015bcie g\u0142\u00f3wne, prosz\u0119 kierowa\u0107 si\u0119 do jadalni<\/p>\n","protected":false},"excerpt":{"rendered":"<p>Biela\u0144skie Przedsi\u0119biorstwo Spo\u0142eczne Biela\u0144skie Przedsi\u0119biorstwo Spo\u0142eczne Non Profit sp. z o.o.ul. Adama Mickiewicza 37\/58, 01-625 Warszawa KRS 0001057863NIP 5252972260REGON 526372970 Kontakt i wsp\u00f3\u0142praca angelika.olek@fundacjamalwa.pl tel. 572 196 476 ODBIORY OBIAD\u00d3W &#8230;<\/p>\n","protected":false},"author":1,"featured_media":0,"parent":0,"menu_order":0,"comment_status":"closed","ping_status":"closed","template":"","meta":{"footnotes":""},"class_list":["post-102","page","type-page","status-publish","hentry"],"_links":{"self":[{"href":"https:\/\/www.bielanskieps.pl\/index.php\/wp-json\/wp\/v2\/pages\/102","targetHints":{"allow":["GET"]}}],"collection":[{"href":"https:\/\/www.bielanskieps.pl\/index.php\/wp-json\/wp\/v2\/pages"}],"about":[{"href":"https:\/\/www.bielanskieps.pl\/index.php\/wp-json\/wp\/v2\/types\/page"}],"author":[{"embeddable":true,"href":"https:\/\/www.bielanskieps.pl\/index.php\/wp-json\/wp\/v2\/users\/1"}],"replies":[{"embeddable":true,"href":"https:\/\/www.bielanskieps.pl\/index.php\/wp-json\/wp\/v2\/comments?post=102"}],"version-history":[{"count":8,"href":"https:\/\/www.bielanskieps.pl\/index.php\/wp-json\/wp\/v2\/pages\/102\/revisions"}],"predecessor-version":[{"id":202,"href":"https:\/\/www.bielanskieps.pl\/index.php\/wp-json\/wp\/v2\/pages\/102\/revisions\/202"}],"wp:attachment":[{"href":"https:\/\/www.bielanskieps.pl\/index.php\/wp-json\/wp\/v2\/media?parent=102"}],"curies":[{"name":"wp","href":"https:\/\/api.w.org\/{rel}","templated":true}]}}